23?
5
What is the millions digit of 16906392?
6
What is the thousands digit of 1587066474?
6
What is the units digit of 84378177?
7
What is the ten millions digit of 65948980?
6
What is the thousands digit of 80153153?
3
What is the hundreds digit of 132912409?
4
What is the thousands digit of 22299606?
9
What is the tens digit of 3255182848?
4
What is the units digit of 347291737?
7
What is the hundred thousands digit of 21914709?
9
What is the tens digit of 336437457?
5
What is the units digit of 115669328?
8
What is the ten millions digit of 771498381?
7
What is the millions digit of 2049352127?
9
What is the units digit of 273727276?
6
What is the billions digit of 1800801908?
1
What is the ten thousands digit of 5593624?
9
What is the ten millions digit of 13808724?
1
What is the billions digit of 2392603858?
2
What is the tens digit of 1348053886?
8
What is the thousands digit of 28522045?
2
What is the ten thousands digit of 2319399332?
9
What is the millions digit of 1343852049?
3
What is the tens digit of 683903322?
2
What is the units digit of 4605972432?
2
What is the hundreds digit of 1776841218?
2
What is the tens digit of 803225349?
4
What is the ten millions digit of 754763004?
5
What is the hundreds digit of 1120538153?
1
What is the thousands digit of 384659264?
9
What is the ten millions digit of 55418520?
5
What is the millions digit of 29812256?
9
What is the billions digit of 2553004115?
2
What is the ten millions digit of 405433837?
0
What is the tens digit of 93007671?
7
What is the hundreds digit of 32039951?
9
What is the hundred thousands digit of 431808529?
8
What is the hundreds digit of 159767554?
5
What is the ten thousands digit of 63789397?
8
What is the ten thousands digit of 272007116?
0
What is the ten thousands digit of 191716472?
1
What is the units digit of 220385481?
1
What is the hundred millions digit of 514666757?
5
What is the hundreds digit of 181517?
5
What is the ten millions digit of 1490972516?
9
What is the hundred millions digit of 711333340?
7
What is the hundreds digit of 1311206061?
0
What is the hundred millions digit of 234644146?
2
What is the tens digit of 68833258?
5
What is the units digit of 8742129?
9
What is the hundreds digit of 52708220?
2
What is the ten millions digit of 320416477?
2
What is the millions digit of 128876937?
8
What is the ten millions digit of 612894235?
1
What is the tens digit of 49258798?
9
What is the millions digit of 70483687?
0
What is the hundreds digit of 11757659?
6
What is the tens digit of 29482160?
6
What is the units digit of 666242566?
6
What is the hundred millions digit of 4646697003?
6
What is the ten millions digit of 56099738?
5
What is the ten thousands digit of 1731288980?
8
What is the hundred thousands digit of 185923670?
9
What is the units digit of 201565231?
1
What is the units digit of 14617323?
3
What is the thousands digit of 1587055972?
5
What is the thousands digit of 535760684?
0
What is the ten thousands digit of 821033223?
3
What is the hundred thousands digit of 51119567?
1
What is the ten thousands digit of 27888703?
8
What is the ten thousands digit of 15799945?
9
What is the millions digit of 161546995?
1
What is the hundreds digit of 541814711?
7
What is the millions digit of 108179237?
8
What is the tens digit of 701869400?
0
What is the tens digit of 243443144?
4
What is the millions digit of 7778773?
7
What is the thousands digit of 87778242?
8
What is the billions digit of 1400199808?
1
What is the millions digit of 83083176?
3
What is the units digit of 63145049?
9
What is the millions digit of 16289757?
6
What is the millions digit of 24100183?
4
What is the ten thousands digit of 6835495219?
9
What is the hundreds digit of 543261517?
5
What is the hundred thousands digit of 105147727?
1
What is the tens digit of 963990967?
6
What is the billions digit of 1474849760?
1
What is the units digit of 1342679495?
5
What is the ten thousands digit of 4933238?
3
What is the hundreds digit of 48387962?
9
What is the hundred thousands digit of 209784906?
7
What is the hundreds digit of 45919622?
6
What is the hundred thousands digit of 224511077?
5
What is the hundreds digit of 56503610?
6
What is the billions digit of 2282932959?
2
What is the tens digit of 429786127?
2
What is the thousands digit of 1384693616?
3
What is the tens digit of 1173145694?
9
What is the hundred thousands digit of 109379491?
3
What is the tens digit of 667595279?
7
What is the ten thousands digit of 106616574?
1
What is the ten millions digit of 594116859?
9
What is the tens digit of 1312496014?
1
What is the millions digit of 227164109?
7
What is the ten millions digit of 67496111?
6
What is the units digit of 87322992?
2
What is the millions digit of 706801065?
6
What is the ten millions digit of 65728975?
6
What is the hundred millions digit of 1074069367?
0
What is the hundred thousands digit of 4222260844?
2
What is the hundreds digit of 252367991?
9
What is the thousands digit of 3145678?
5
What is the hundreds digit of 1651661603?
6
What is the hundreds digit of 647174302?
3
What is the tens digit of 1282369188?
8
What is the hundreds digit of 4650395317?
3
What is the hundred millions digit of 147337328?
1
What is the tens digit of 23841571?
7
What is the tens digit of 1284993359?
5
What is the tens digit of 193124761?
6
What is the ten millions digit of 743511317?
4
What is the ten millions digit of 72140854?
7
What is the millions digit of 858673959?
8
What is the hundreds digit of 70284487?
4
What is the ten millions digit of 6145357765?
4
What is the units digit of 1239977655?
5
What is the tens digit of 2516326696?
9
What is the units digit of 1743935910?
0
What is the units digit of 44757750?
0
What is the units digit of 342382699?
9
What is the thousands digit of 718774155?
4
What is the hundreds digit of 48647035?
0
What is the millions digit of 882009859?
2
What is the hundred millions digit of 1513264324?
5
What is the hundred thousands digit of 1785146980?
1
What is the units digit of 108909875?
5
What is the tens digit of 32539984?
8
What is the thousands digit of 5800515311?
5
What is the thousands digit of 109151395?
1
What is the tens digit of 75140790?
9
What is the thousands digit of 2638047852?
7
What is the units digit of 21207356?
6
What is the millions digit of 3909186726?
9
What is the ten thousands digit of 1126950775?
5
What is the hundreds digit of 565690881?
8
What is the ten thousands digit of 54039832?
3
What is the thousands digit of 794173022?
3
What is the millions digit of 6351020442?
1
What is the ten millions digit of 183455797?
8
What is the thousands digit of 2842883289?
3
What is the units digit of 6835104?
4
What is the ten thousands digit of 1341493639?
9
What is the millions digit of 655549563?
5
What is the tens digit of 1425556581?
8
What is the ten thousands digit of 21488139?
8
What is the millions digit of 144761847?
4
What is the millions digit of 508406664?
8
What is the hundreds digit of 4018860498?
4
What is the hundreds digit of 112091957?
9
What is the thousands digit of 122854262?
4
What is the units digit of 1670752?
2
What is the tens digit of 139794672?
7
What is the millions digit of 816448606?
6
What is the billions digit of 2811230502?
2
What is the tens digit of 3482998837?
3
What is the hundreds digit of 259384112?
1
What is the hundred millions digit of 7895584058?
8
What is the ten thousands digit of 511348772?
4
What is the tens digit of 270726602?
0
What is the hundreds digit of 14306972?
9
What is the ten millions digit of 3107375761?
0
What is the hundreds digit of 88392022?
0
What is the tens digit of 57169287?
8
What is the hundred thousands digit of 23902212?
9
What is the thousands digit of 451527607?
7
What is the hundreds digit of 1006858784?
7
What is the hundred thousands digit of 3073865527?
8
What is the hundreds digit of 96285406?
4
What is the tens digit of 501122780?
8
What is the hundred millions digit of 1551360990?
5
What is the units digit of 403058163?
3
What is the millions digit of 119794523?
9
What is the hundred millions digit of 2575057870?
5
What is the thousands digit of 152974804?
4
What is the millions digit of 6719301?
6
What is the ten thousan